t is the remainder when 16 is divided by t(4)?
1
Let q be (400/15)/(-5)*39. Let g = q + 216. Calculate the remainder when 68 is divided by g.
4
Suppose 2*o - 175 = -3*t, -5*t - 291 = -5*o + 2*o. Suppose 4*b + 35 = -21. Let q(l) = 8*l + 144. What is the remainder when o is divided by q(b)?
28
Suppose 0 = 7*u - 235 - 94. Calculate the remainder when (1684/(-8))/((-1 + 2)/(-2)) is divided by u.
45
Let p(a) = 208*a - 95*a - 64 - 92*a. What is the remainder when p(11) is divided by 28?
27
Let a = 57 - -39. Let l(f) = 22*f + 1. Let u be l(-14). Let s = u - -332. What is the remainder when a is divided by s?
21
Suppose -15*y = 1639 - 2074. What is the remainder when 8206 is divided by y?
28
Suppose -9*i = -7*i - 4*s - 32, 5*s - 142 = -4*i. Calculate the remainder when 2407 is divided by i.
27
Suppose 80 = 5*h + m, -3*h - 4*m + 35 = -2*h. Suppose 38*f - 299 = h*f. Calculate the remainder when 270 is divided by f.
10
Let t(i) = i**3 + 7*i**2 + i + 12. Let y be t(-7). Suppose -34 = y*g - 84. Suppose g*f - 636 = -106. What is the remainder when f is divided by 28?
25
Let m = 484 - 480. Suppose -3*b = -j - 172, 53 = b + m*j - 0*j. Calculate the remainder when b is divided by 38.
19
Let i(q) = q + 9. Let m be i(-7). Suppose -601 = -m*t + 417. What is the remainder when t is divided by 64?
61
Let n(w) = 3*w**2 - 28*w - 20. What is the remainder when 692 is divided by n(11)?
27
Let j be (1 - 2) + 120/10. Suppose 3*y = -5*z + 7, -z + 5*z = 3*y + j. Suppose -z = l - 41. What is the remainder when 112 is divided by l?
34
Let u = -1396 - -3375. What is the remainder when u is divided by 11?
10
Let f(x) = 38*x**3 + 7*x - 18. Let y be f(2). Suppose 0 = -3*c + c + y. Calculate the remainder when c is divided by 8.
6
Suppose -6*k - 15 + 9 = 0. Let l(p) = -24*p**3 + 2*p**2 + 2*p + 1. What is the remainder when 95 is divided by l(k)?
20
Suppose 3*p + 609 = 14*c - 15*c, -4*c = 3*p + 618. Let k = p - -292. What is the remainder when k is divided by 48?
42
Suppose 0 = p - 8*p - 91. Let k(l) = l**3 + 12*l**2 - 13*l - 5. Let z be k(p). What is the remainder when 51 is divided by z/(-30) + 483/18?
24
Calculate the remainder when ((-63172)/51)/((-12)/18) is divided by 5.
3
Let y = -1671 - -2433. What is the remainder when y is divided by 45?
42
Let r(s) = -13*s**3 - 4*s**2 - 17*s - 38. What is the remainder when 395 is divided by r(-2)?
59
Suppose -3*a + 240 = 3*m, -25*a = -m - 27*a + 86. What is the remainder when m is divided by 61?
13
Calculate the remainder when (51 - 154)/(1/(-3)) is divided by 63.
57
Suppose 5*u + 87 + 13 = 0. Let m be (4 + 112/u)*-35. Let x = m - 50. What is the remainder when 7 is divided by x?
1
Let h be 12/8 + 3/2. Suppose 0*p - 21 = -h*p. Calculate the remainder when 5183/213 + (-2)/(-3) is divided by p.
4
Let r = -38 - -11. Let z(t) = -15 + 554*t - 583*t - 10*t**2 - t**3 - 18*t**2 - 36. What is the remainder when 14 is divided by z(r)?
2
Let d(r) = 6*r**2 - 16*r - 49. Let x = 89 - 63. What is the remainder when d(6) is divided by x?
19
Suppose -112 = -2*w + 132. Suppose -n = -4*t + 61, -t + 6*t = 4*n + 90. What is the remainder when w is divided by t?
10
Suppose 2 = -6*j + 26. Suppose -5*d + 262 = 3*x - 28, 5*d = j*x + 325. Calculate the remainder when -51*(16/(-3) + 3) is divided by d.
58
Let d = -306 + 308. What is the remainder when (d + -1)*(-2765)/(-35) is divided by 42?
37
Let m be (-1 - -1)/(-15 - -12). Suppose -10 = -2*z - m. What is the remainder when 234/(z/2*6/10) is divided by 53?
50
Let d = -1228 - -2604. Calculate the remainder when d is divided by 60.
56
Let y(g) = -g**2 - 43*g + 2561. What is the remainder when y(30) is divided by 5?
1
Suppose 4*h + 3*y = 2615, 0 = 175*h - 176*h + 4*y + 611. Calculate the remainder when 1304 is divided by h.
10
Let t = -10114 + 10144. Calculate the remainder when 18149 is divided by t.
29
Let l = -1 + 4. Suppose 3*a + 3*j - 57 = -0*a, 4*a - 2*j = 52. Calculate the remainder when -6 + 85/a*3 is divided by l.
2
Let c = -24 - -40. Suppose 3*o - 3*m - 127 = -100, 0 = 5*o + 2*m - 31. Calculate the remainder when c is divided by o.
2
Let c be ((-78)/15)/(5/(-50)*4). Suppose c*j - 606 = 863. Calculate the remainder when j is divided by 32.
17
Suppose -3*y + 81 = m + 2*y, 3*m - y = 147. Calculate the remainder when 550 is divided by m.
40
Let c(r) = 45*r + 4. Suppose 3*p - 8 = -2*a + p, 2*a = 4*p + 8. Calculate the remainder when c(2) is divided by 36/(2 - 2/a).
22
Suppose 5*a - 67 = 8. Let y(r) = 73*r - 440. Let s be y(-7). Let z = -926 - s. What is the remainder when z is divided by a?
10
Suppose 3*s - 15 = 45. Let m(w) = -4*w - 15. Let z be m(-7). Let h(f) = f**3 - 14*f**2 + 17*f + 5. What is the remainder when h(z) is divided by s?
17
Let k = -21078 + 21087. What is the remainder when (1 - -28)/(3/12) is divided by k?
8
Let r(h) = -h**2 - 9*h + 8. Let w be r(-7). Suppose w*f = 19*f + 33. Suppose -80 = -3*j + 43. Calculate the remainder when j is divided by f.
8
Let n(w) = -1. Let y(r) = -4*r - 26. Let t(u) = 4*n(u) - y(u). What is the remainder when t(7) is divided by 6?
2
Suppose 5071 = -50*b + 16821. Calculate the remainder when b is divided by 59.
58
Suppose -79 = -w - 9. Suppose 1844 = -4*u - 5*m - 529, 4*m + 2376 = -4*u. Let i = u - -634. What is the remainder when w is divided by i?
33
Suppose 5*h - 1209 = -0*l - 3*l, -l - 2*h = -402. Suppose -l = 14*u - 16*u. Calculate the remainder when u is divided by 72.
60
Let k(m) = m**2 + 21*m + 56. Let u be k(-18). Suppose -2*z + 5 = s - 41, -4*s + 204 = -u*z. What is the remainder when s is divided by 13?
11
Suppose 0 = 101*u - 98*u - 3*y - 411, -254 = -2*u - 2*y. What is the remainder when 516 is divided by u?
120
Suppose v = 3*i + 6125, -36838 = -6*v + 3*i - 7*i. Calculate the remainder when v is divided by 18.
17
Suppose 3*p + 117 = 657. Let a = p + -164. What is the remainder when 205 is divided by a?
13
What is the remainder when (-2124)/(3 + -9) + 3 + (-7 - -10) is divided by 221?
139
Suppose 22 = 2*u + 14, 2*u = 3*m - 46. Suppose -m*p = 17*p - 1470. Calculate the remainder when 65 is divided by p.
23
Let x(j) = 2*j**2 + 8*j + 4. Let p be x(-4). Let b be p/(-10)*(-20)/(-8). What is the remainder when 12 is divided by 3/b + 2 - -3?
0
Let f(s) = 4*s + 3. Suppose 152*a - 24 = 153*a. What is the remainder when f(3) is divided by (-2)/(-6)*(a + 36)?
3
Let w be ((-3)/(-3))/((-8)/(-32)). Let d be (w - 4) + 3/1. Suppose -5*t - 5 = 0, d*t - 58 = -2*s + 5*t. What is the remainder when 55 is divided by s?
27
Suppose -12*r + 18 = -30*r. Calculate the remainder when 154 is divided by 0 + 415/10 - r/(-2).
31
Let y(l) = -8*l**2 - 47*l + 156. Let j(r) = 5*r**2 + 23*r - 78. Let s(b) = -5*j(b) - 3*y(b). What is the remainder when s(20) is divided by 12?
6
Let n(i) = -i**3 + 14*i**2 - 280*i + 2838. What is the remainder when n(11) is divided by ((-1)/2)/((-2)/88)?
11
Calculate the remainder when 22/4*-558*198/(108/(-6)) is divided by 80.
79
Suppose -2*d = g - 401, -3*g + 202 + 965 = -3*d. What is the remainder when g is divided by 57?
51
Suppose 5*k - 2*y = 2*k + 149, -k + 55 = -2*y. Let m(x) = -2*x**2 + 5*x + 11. Let c be m(5). What is the remainder when k is divided by 4/(c/4 + 4)?
7
Suppose 2*x + 18 = 2*y, -2*y - 1 = 2*x - 3. Let s(m) = 2*m + 5. Let q be s(y). What is the remainder when (-84 + q/5)*-1 is divided by 21?
18
Let i(w) = w**3 + 8*w**2 - 5*w + 57. Let a be i(-8). Suppose -2*p + 2*h = -297 - a, -973 = -5*p + 2*h. Calculate the remainder when p is divided by 67.
59
What is the remainder when 1722712/391 + 1 + 2/23 is divided by 116?
115
Let s be (-9 + 8)/((-1)/(-68)). Suppose 4*d + g - 528 = -g, 2*d - 268 = -2*g. Let q = s + d. Calculate the remainder when q is divided by 13.
10
Suppose -112*t - 53*t - 20402 + 164777 = 0. Calculate the remainder when t is divided by 218.
3
Suppose 13*y + 15 = 14*y. Let s(o) = -y*o**2 + 597*o**3 - 3 + 4 - 596*o**3 + 2*o. Calculate the remainder when 121 is divided by s(15).
28
Suppose -21*c - 531 + 3412 = 361. Calculate the remainder when 486 is divided by c.
6
Let w = 2623 - 2393. Calculate the remainder when 471 is divided by w.
11
Let j(u) = 253*u**2 - 60*u - 205. What is the remainder when j(-4) is divided by 95?
93
Let v(x) = x**3 - 326*x**2 + 4071*x + 30. Let z be ((-4)/(-2))/((-1)/(-4)). Suppose -t + 11 + z = 